is the hundreds digit of 939?
9
What is the tens digit of 9939?
3
What is the units digit of 4297?
7
What is the units digit of 2392?
2
What is the thousands digit of 1966?
1
What is the thousands digit of 1392?
1
What is the units digit of 81683?
3
What is the units digit of 9908?
8
What is the tens digit of 22162?
6
What is the units digit of 99?
9
What is the thousands digit of 6415?
6
What is the units digit of 16965?
5
What is the thousands digit of 14513?
4
What is the tens digit of 420?
2
What is the thousands digit of 84740?
4
What is the hundreds digit of 1023?
0
What is the hundreds digit of 20384?
3
What is the units digit of 29919?
9
What is the thousands digit of 31402?
1
What is the hundreds digit of 15767?
7
What is the thousands digit of 1008?
1
What is the tens digit of 4430?
3
What is the tens digit of 175?
7
What is the hundreds digit of 8861?
8
What is the tens digit of 728?
2
What is the tens digit of 277?
7
What is the tens digit of 12147?
4
What is the units digit of 7798?
8
What is the units digit of 6125?
5
What is the tens digit of 19537?
3
What is the tens digit of 1320?
2
What is the units digit of 18804?
4
What is the hundreds digit of 15247?
2
What is the tens digit of 1063?
6
What is the units digit of 35613?
3
What is the hundreds digit of 2353?
3
What is the tens digit of 19788?
8
What is the hundreds digit of 3261?
2
What is the tens digit of 36070?
7
What is the units digit of 3652?
2
What is the thousands digit of 17254?
7
What is the tens digit of 19233?
3
What is the tens digit of 1306?
0
What is the thousands digit of 8349?
8
What is the hundreds digit of 67721?
7
What is the hundreds digit of 3997?
9
What is the hundreds digit of 5859?
8
What is the thousands digit of 3115?
3
What is the hundreds digit of 2640?
6
What is the ten thousands digit of 40279?
4
What is the tens digit of 4486?
8
What is the hundred thousands digit of 111740?
1
What is the units digit of 173?
3
What is the tens digit of 40066?
6
What is the tens digit of 783?
8
What is the tens digit of 37428?
2
What is the thousands digit of 21159?
1
What is the units digit of 39185?
5
What is the thousands digit of 57574?
7
What is the hundreds digit of 3097?
0
What is the units digit of 3257?
7
What is the tens digit of 17292?
9
What is the thousands digit of 4508?
4
What is the units digit of 8678?
8
What is the ten thousands digit of 42180?
4
What is the tens digit of 1145?
4
What is the thousands digit of 1292?
1
What is the units digit of 13088?
8
What is the thousands digit of 2619?
2
What is the units digit of 3896?
6
What is the units digit of 24536?
6
What is the units digit of 1041?
1
What is the hundreds digit of 9663?
6
What is the units digit of 314?
4
What is the tens digit of 8309?
0
What is the units digit of 665?
5
What is the units digit of 3941?
1
What is the units digit of 57346?
6
What is the thousands digit of 35462?
5
What is the thousands digit of 27442?
7
What is the hundreds digit of 151157?
1
What is the units digit of 158?
8
What is the tens digit of 6214?
1
What is the hundreds digit of 1492?
4
What is the tens digit of 51?
5
What is the units digit of 485?
5
What is the ten thousands digit of 32075?
3
What is the tens digit of 1740?
4
What is the units digit of 37816?
6
What is the hundreds digit of 13944?
9
What is the ten thousands digit of 71909?
7
What is the ten thousands digit of 166238?
6
What is the units digit of 6525?
5
What is the thousands digit of 5912?
5
What is the hundreds digit of 8586?
5
What is the hundreds digit of 4403?
4
What is the tens digit of 2081?
8
What is the units digit of 12423?
3
What is the hundreds digit of 1368?
3
What is the hundreds digit of 1212?
2
What is the hundreds digit of 271?
2
What is the units digit of 46214?
4
What is the thousands digit of 6254?
6
What is the tens digit of 5366?
6
What is the ten thousands digit of 79035?
7
What is the hundreds digit of 100?
1
What is the units digit of 363?
3
What is the thousands digit of 192610?
2
What is the ten thousands digit of 42858?
4
What is the tens digit of 3024?
2
What is the hundreds digit of 7357?
3
What is the tens digit of 10164?
6
What is the units digit of 715?
5
What is the tens digit of 8731?
3
What is the units digit of 8021?
1
What is the hundreds digit of 19695?
6
What is the units digit of 19919?
9
What is the ten thousands digit of 16299?
1
What is the thousands digit of 64458?
4
What is the tens digit of 62451?
5
What is the thousands digit of 1308?
1
What is the hundreds digit of 9538?
5
What is the tens digit of 22328?
2
What is the hundreds digit of 5595?
5
What is the thousands digit of 6264?
6
What is the units digit of 3439?
9
What is the hundreds digit of 26419?
4
What is the thousands digit of 3277?
3
What is the hundreds digit of 2083?
0
What is the thousands digit of 8648?
8
What is the tens digit of 266?
6
What is the tens digit of 31498?
9
What is the hundreds digit of 1846?
8
What is the units digit of 515?
5
What is the units digit of 122976?
6
What is the tens digit of 35591?
9
What is the tens digit of 839?
3
What is the thousands digit of 77420?
7
What is the tens digit of 1679?
7
What is the thousands digit of 9893?
9
What is the hundreds digit of 933?
9
What is the ten thousands digit of 119040?
1
What is the tens digit of 1551?
5
What is the hundreds digit of 8015?
0
What is the hundreds digit of 775?
7
What is the tens digit of 2296?
9
What is the tens digit of 2848?
4
What is the tens digit of 952?
5
What is the units digit of 1284?
4
What is the units digit of 63817?
7
What is the hundreds digit of 118?
1
What is the tens digit of 4526?
2
What is the tens digit of 15902?
0
What is the units digit of 4606?
6
What is the tens digit of 2555?
5
What is the hundreds digit of 677?
6
What is the units digit of 2698?
8
What is the ten thousands digit of 11935?
1
What is the tens digit of 139093?
9
What is the tens digit of 88761?
6
What is the units digit of 7633?
3
What is the units digit of 1017?
7
What is the units digit of 9756?
6
What is the hundred thousands digit of 137529?
1
What is the tens digit of 70426?
2
What is the units digit of 144601?
1
What is the tens digit of 1475?
7
What is the ten thousands digit of 14345?
1
What is the ten thousands digit of 45467?
4
What is the ten thousands digit of 16337?
1
What is the hundreds digit of 2369?
3
What is the hundreds digit of 38203?
2
What is the tens digit of 17798?
9
What is the units digit of 6890?
0
What is the tens digit of 892?
9
What is the thousands digit of 1607?
1
What is the tens digit of 1090?
9
What is the ten thousands digit of 58919?
5
What is the units digit of 531?
1
What is the units digit of 4670?
0
What is the units digit of 9660?
0
What is the tens digit of 723?
2
What is the units digit of 10432?
2
What is the tens digit of 40398?
9
What is the units digit of 1124?
4
What is the tens digit of 2481?
8
What is the units digit of 331?
1
What is the tens digit of 4852?
5
What is the tens digit of 2467?
6
What is the hundreds digit of 6545?
5
What is the thousands digit of 91033?
1
What is the hundred thousands digit of 129586?
1
What is the hundreds digit of 2702?
7
What is the tens digit of 16102?
0
What is the units digit of 5606?
6
What is the units digit of 824?
4
What is the hundreds digit of 526?
5
What is the thousands digit of 3917?
3
What is the hundred thousands digit of 113763?
1
What is the units digit of 21178?
8
What is the hundreds digit of 5527?
5
What is the tens digit of 16690?
9
What is the units digit of 59160?
0
What is the tens digit of 1370?
7
What is the hundreds digit of 4992?
9
What is the units digit of 89778?
8
What is the tens digit of 22543?
4
What is the hundreds digit of 4454?
4
What is the units digit of 2722?
2
What is the thousands digit of 1814?
1
What is the tens digit of 3567?
6
What is the hundreds digit of 838?
8
What is the units digit of 1013?
3
What is the tens digit of 13425?
2
What is the hundreds digit of 381?
3
What is the units digit of 1993?
3
What is the hundreds digit of 15027?
0
What is the tens digit of 3382?
8
What is the thousands digit of 1074?
1
What is the thousands digit of 1317?
1
What is the hundreds digit of 1723?
7
What is the hundreds digit of 2148